5*l - 35256. Calculate q(30).
-6
Let j(m) = -m**3 + 15*m**2 + 5. What is j(15)?
5
Let p(s) = -567*s**2 + 61*s + 63. Calculate p(-1).
-565
Let z(w) = 12*w**2 - 645*w - 153. Calculate z(54).
9
Let t(b) = 4*b**3 + 2*b**2 - b - 2. What is t(-2)?
-24
Let h(p) = -66*p + 898. Determine h(14).
-26
Let x(j) = j**3 + 12*j**2 - 15*j - 7. Give x(0).
-7
Let a(d) = -d**3 + 14*d**2 + 2*d - 7. Calculate a(14).
21
Let c(o) = 12*o**2 + 189*o - 202. Calculate c(-17).
53
Let h(f) = -f**2 - 78*f + 1300. Calculate h(14).
12
Let m(g) = -g**3 + 104*g**2 - 677*g - 15. What is m(7)?
-1
Let y(b) = 45*b - 2294. Give y(51).
1
Let s(g) = 2*g**3 - 18*g**2 + 10*g - 6. What is s(7)?
-132
Let t(i) = -i**3 + 10*i**2 - 3970*i + 43776. Determine t(11).
-15
Let t(c) = c**3 + 31*c**2 + 138*c + 38. Calculate t(-25).
338
Let q(s) = s**3 - 12*s**2 + 23*s + 89. What is q(8)?
17
Let d(w) = 61*w + 586. Determine d(-10).
-24
Let l(r) = -7*r**2 - 88*r - 60. Calculate l(-13).
-99
Let k(m) = 330*m + 996. What is k(-3)?
6
Let l(x) = -159*x - 4587. What is l(-28)?
-135
Let j(w) = -w**3 + 65*w**2 - 308*w + 33. Calculate j(5).
-7
Let b(d) = -8*d**2 + 8*d - 21. What is b(2)?
-37
Let w(h) = -h**2 - 59*h + 43. Determine w(-61).
-79
Let z(w) = 7*w + 53. What is z(16)?
165
Let s(r) = -r**2 - 27*r + 478. Give s(-39).
10
Let w(v) = v**2 - 1248*v + 11168. Calculate w(9).
17
Let s(c) = 3*c**3 - 41*c**2 - 42*c + 101. Calculate s(14).
-291
Let m(u) = 2*u**2 - 646*u + 43319. What is m(95)?
-1
Let r(v) = -v**3 - 3*v**2 + 4*v + 3. Determine r(-4).
3
Let z(d) = 99*d + 203. Determine z(-6).
-391
Let p(v) = 22*v**2 - 24*v + 76. Determine p(3).
202
Let p(i) = 2959*i + 11846. What is p(-4)?
10
Let p(q) = -19*q**2 + 407*q - 169. Calculate p(21).
-1
Let f(h) = 31*h + 101. Determine f(-3).
8
Let n(d) = -d**3 - 24*d**2 + 36*d + 233. Determine n(-25).
-42
Let v(p) = 59*p - 102. What is v(3)?
75
Let x(q) = -2*q**2 - 59*q - 545. Determine x(-26).
-363
Let p(s) = -5*s + 65. What is p(13)?
0
Let k(f) = -f**2 - 42*f - 384. Determine k(-26).
32
Let n(i) = 2*i**3 + 3*i**2 + 50*i - 227. Give n(5).
348
Let w(o) = o**2 + 34*o + 80. Determine w(-9).
-145
Let w(b) = 2*b**3 + 199*b**2 + 104*b + 550. Calculate w(-99).
55
Let t(l) = l**3 + 40*l**2 - 18*l - 704. Give t(-40).
16
Let w(t) = t**3 - 19*t**2 + 31*t + 22. Give w(17).
-29
Let z(g) = g**3 - 23*g**2 - 7*g + 161. Calculate z(23).
0
Let f(p) = -170*p - 298. Give f(-2).
42
Let z(n) = 1060*n - 13773. Calculate z(13).
7
Let c(z) = 6*z**3 + 145*z**2 + 11*z - 215. Calculate c(-24).
97
Let l(f) = -f**3 - 123*f**2 + 124*f + 6. Calculate l(-124).
6
Let b(c) = c**2 + 77*c - 17701. Determine b(-177).
-1
Let v(l) = -l**3 - l**2 - 5*l - 461. What is v(0)?
-461
Let d(j) = 6599*j - 85795. Give d(13).
-8
Let s(z) = -9*z**3 + 12*z**2 + 85*z + 9. Determine s(-4).
437
Let k(s) = -s**3 - 65*s**2 + 4*s + 238. Determine k(-65).
-22
Let u(g) = 43*g - 149. Give u(13).
410
Let i(x) = 103*x + 617. Calculate i(-6).
-1
Let g(r) = r**3 + 9*r**2 - 54*r - 431. Calculate g(-10).
9
Let q(l) = -l**3 + 43*l**2 - 109*l - 337. Give q(40).
103
Let v(u) = -u**2 - 10*u - 56. Give v(-9).
-47
Let i(o) = 28*o + 43. Give i(-9).
-209
Let m(w) = 5*w - 204. Give m(32).
-44
Let x(g) = 292*g**3 - g**2 - 2*g - 1. Calculate x(-1).
-292
Let l(w) = -w**3 - 53*w**2 - 56*w - 29. Give l(-52).
179
Let q(z) = 20*z**3 + 121*z**2 + z + 8. Calculate q(-6).
38
Let o(l) = 32*l**2 + 482*l + 2. Determine o(-15).
-28
Let n(y) = y**3 - 5*y**2 - y + 25. Calculate n(0).
25
Let n(q) = -2*q**3 - 51*q**2 + 229*q + 10. What is n(4)?
-18
Let g(n) = -70*n - 2377. Give g(-28).
-417
Let z(c) = -9*c + 176. Determine z(3).
149
Let k(g) = -g**3 + 9*g**2 + 20*g - 51. What is k(8)?
173
Let z(x) = -41*x + 213. Calculate z(7).
-74
Let j(u) = -12*u - 142. What is j(-39)?
326
Let h(q) = 65*q + 301. Calculate h(-6).
-89
Let i(n) = 275*n - 7415. Calculate i(27).
10
Let t(f) = 3*f**3 - 9*f**2 + 6*f - 4. Give t(2).
-4
Let n(j) = -j**3 - 17*j**2 - 12*j - 6. Determine n(-17).
198
Let k(p) = -1620*p - 25909. Give k(-16).
11
Let a(q) = q**2 + 226*q + 3170. Calculate a(-15).
5
Let w(b) = -b**3 - 9*b**2 - 20*b - 47. Give w(-6).
-35
Let i(j) = -292*j - 336. Determine i(-1).
-44
Let v(c) = -368*c + 2946. Give v(8).
2
Let i(v) = 8*v + 153. Determine i(-13).
49
Let u(k) = -399*k - 1582. What is u(-4)?
14
Let l(f) = -f**3 + 44*f**2 + 45*f + 126. Calculate l(45).
126
Let a(d) = -2*d**2 + 428*d - 428. Give a(1).
-2
Let j(k) = 581*k - 3953. Calculate j(7).
114
Let w(j) = 13*j - 100. Calculate w(7).
-9
Let r(j) = 1711*j + 13676. Give r(-8).
-12
Let i(g) = -g**2 + 14*g - 43. What is i(-9)?
-250
Let o(f) = 22*f - 31. Determine o(-7).
-185
Let q(j) = 73*j - 89. What is q(1)?
-16
Let b(w) = 2*w**3 + 2*w**2 - 42*w - 69. What is b(-4)?
3
Let d(q) = -5*q**3 + 3*q**2 - 32*q + 107. What is d(4)?
-293
Let g(k) = -k**3 - 10*k**2 - 28*k - 155. What is g(-9)?
16
Let f(n) = -22*n - 14. Determine f(-3).
52
Let n(a) = -a**2 + 2849*a + 5703. Determine n(-2).
1
Let g(q) = -4*q**2 - 6*q + 154. Determine g(14).
-714
Let k(c) = -17*c - 202. What is k(-15)?
53
Let w(k) = -k**3 - 30*k**2 + 136*k + 4711. What is w(-29)?
-74
Let c(x) = 30*x**2 + 268*x + 531. Determine c(-2).
115
Let c(g) = -g**2 + 28*g + 1084. Calculate c(-21).
55
Let q(a) = 4*a - 17. Give q(10).
23
Let i(x) = x**2 - 59*x + 937. What is i(24)?
97
Let j(z) = -7*z**2 - 47*z - 47. Calculate j(-6).
-17
Let m(p) = p**2 + p + 26. Determine m(8).
98
Let c(x) = -8*x**3 - x**2 + 33*x - 50. What is c(2)?
-52
Let y(w) = w**2 + 63*w + 1085. What is y(-29)?
99
Let l(f) = -f**3 - 27*f**2 - 82*f + 24. What is l(-24)?
264
Let d(z) = 94*z**2 - 198*z + 15. Calculate d(2).
-5
Let a(k) = k**2 + k - 141. Calculate a(11).
-9
Let u(v) = 9*v**2 - 273*v + 80. Give u(30).
-10
Let y(o) = -70*o + 250. What is y(19)?
-1080
Let q(u) = -118*u - 15. Give q(2).
-251
Let p(g) = -22*g + 19. Determine p(3).
-47
Let c(z) = -16677*z - 16678. Calculate c(-1).
-1
Let g(d) = 165*d + 19. Calculate g(2).
349
Let i(s) = -6*s**3 - 28*s - 88. Give i(-5).
802
Let a(f) = -5*f**3 - 15*f**2 - 7*f - 2. Give a(-3).
19
Let c(l) = 68*l + 376. Determine c(-7).
-100
Let y(v) = 5*v**2 - 31*v - 296. Calculate y(-9).
388
Let c(f) = 2*f**3 + 50*f**2 - 110*f - 2747. Determine c(-25).
3
Let t(q) = -3*q**2 - 328*q + 554. Determine t(-111).
-1
Let k(a) = -a**3 - 3*a**2 - 98*a - 505. What is k(-5)?
35
Let k(n) = -3*n**2 + 45*n + 318. Give k(20).
18
Let u(o) = -o**2 - 50*o - 316. Give u(-39).
113
Let f(t) = -4*t**3 - 128*t**2 - 2*t - 56. Give f(-32).
8
Let h(q) = q**3 - 10*q**2 - 3*q - 106. What is h(12)?
146
Let y(u) = -u**3 + 15*u**2 - 23*u - 23. What is y(13)?
16
Let x(j) = -2*j**3 - 31*j**2 + 20*j + 10. Give x(-16).
-54
Let j(l) = -916*l - 69605. Determine j(-76).
11
Let d(g) = g**2 - 67*g - 858. Give d(-11).
0
Let s(g) = -46*g - 171. Determine s(-4).
13
Let i(k) = -2193*k - 8724. What is i(-4)?
48
Let l(s) = s**3 - 16*s**2 + 66*s - 516. Give l(14).
16
Let h(q) = -q**2 + 6*q + 972. Calculate h(35).
-43
Let z(v) = -2*v**3 - 133*v**2 - 89*v - 1507. Determine z(-66).
11
Let d(k) = -5*k - 76. Calculate d(-12).
-16
Let v(s) = 27*s - 106. Calculate v(8).
110
Let x(h) = 1082*h - 2138. Calculate x(2).
26
Let j(q) = 77*q - 649. Calculate j(12).
275
Let u(s) = 17*s**3 + 59*s**2 - 27*s + 10. Determine u(-4).
-26
Let t(v) = -7*v**3 + 5*v - 7. Give t(2).
-53
Let j(r) = -417*r + 7149. What is j(17)?
60
Let n(u) = -5*u**3 + 12*u**2 - 16*u + 14. Calculate n(4).
-178
Let h(i) = -2*i**2 - 294*i + 28. Determine h(-147).
28
Let c(a) = -1522*a - 19778. What is c(-13)?
8
Let r(l) = -32*l**3 - 6*l**2 + 6*l - 3. Calculate r(2).
-271
Let q(m) = 19*m - 69. Give q(3).
-12
Let z(j) = -j**3 + 9*j**2 + 12*j - 182. Determine z(6).
-2
Let b(g) = 7*g**2 - 90*g - 89. Calculate b(-1).
8
Let q(i) = 56*i - 282. Determine q(9).
222
Let n(s) = 2*s**2 + 420*s - 7228. Determine n(-226).
4
Let j(w) = -11*w - 194. What is j(-18)?
4
Let w(y) = y**3 + 20*y**2 + 20*y + 18. Give w(-19).
-1
Let p(z) = 2*z**2 + 4*z - 75. Calculate p(7).
51
Let t(s) = 66*s + 83. Calculate t(0).
83
Let m(q) = q**2 + 72*q + 1002. Give m(-53).
-5
Let z(h) = -7*h**2 - 67*h - 65. Calculate z(-1).
-5
Let l(o) = -17*o**2 + 107*o - 36. Determine l(6).
-6
Let v(s) = 53*s - 316. Give v(7).
55
Let b(w) = -119*w + 11069. Give b(93).
2
Let o(w) = 42*w - 32. Calculate o(-1)